{"id":171,"date":"2018-07-19T08:40:17","date_gmt":"2018-07-19T06:40:17","guid":{"rendered":"http:\/\/heimatverein-adenau.de\/_wp\/?page_id=171"},"modified":"2018-07-19T08:41:22","modified_gmt":"2018-07-19T06:41:22","slug":"datenschutz","status":"publish","type":"page","link":"http:\/\/heimatverein-adenau.de\/_wp\/datenschutz\/","title":{"rendered":"Datenschutz"},"content":{"rendered":"<p>Sehr geehrte Mitglieder des Verein f\u00fcr Heimatpflege Adenau,<br \/>\ndie EU-Datenschutzgrundverordnung (DSGVO) wurde im Mai 2018 im Rahmen deutschen Rechts verbindlich umgesetzt. Auch der Verein f\u00fcr Heimatpflege Adenau muss seine Bestandsmitglieder \u00fcber die neue Datenschutzerkl\u00e4rung in Kenntnis setzen:<br \/>\nDatenschutzerkl\u00e4rung des Verein f\u00fcr Heimatpflege Adenau e.V.<br \/>\nWir wollen Sie dar\u00fcber informieren, dass die von Ihnen in Ihrer Beitrittserkl\u00e4rung angegebenen Daten \u00fcber Ihre pers\u00f6nlichen und sachlichen Verh\u00e4ltnisse (sogenannte personenbezogene Daten) auf Datenverarbeitungs-Systemen des Verein f\u00fcr Heimatpflege Adenau e.V., verarbeitet und genutzt werden. Verantwortliche Stelle im Sinne des \u00a7 3(7) Bundesdatenschutzgesetz bzw. Art. 4 lit.7 DSGVO ist dabei der Verein f\u00fcr Heimatpflege Adenau e.V., dem Sie beitreten.<br \/>\nWir sichern Ihnen zu, Ihre personenbezogenen Daten vertraulich zu behandeln und nicht an Stellen au\u00dferhalb des Verein f\u00fcr Heimatpflege Adenau weiterzugeben.                                                 Sie k\u00f6nnen jederzeit schriftlich Auskunft \u00fcber die bez\u00fcglich Ihrer Person gespeicherten Daten erhalten und Korrektur verlangen, soweit die beim Verein f\u00fcr Heimatpflege Adenau gespeicherten Daten unrichtig sind.                                                                                                      Sollten die gespeicherten Daten f\u00fcr die Abwicklung der Gesch\u00e4ftsprozesse nicht erforderlich sein, so k\u00f6nnen sie auch eine Sperrung, gegebenenfalls auch eine L\u00f6schung Ihrer personenbezogenen Daten verlangen.<br \/>\nNach einer Beendigung der Mitgliedschaft werden Ihre personenbezogenen Daten gel\u00f6scht, soweit sie nicht, entsprechend der steuerrechtlichen Vorgaben, aufbewahrt werden m\u00fcssen. Eine Nutzung Ihrer personenbezogenen Daten f\u00fcr Werbezwecke findet weder durch den Verein f\u00fcr Heimatpflege Adenau, noch etwaige Kooperationspartner statt.<br \/>\nVersand von Jahresberichten, Einladungen, Niederschriften, Newslettern oder Mitgliederinformationen durch den Verein f\u00fcr Heimatpflege Adenau<br \/>\nSollten Sie keinen Widerspruch einlegen, werden wir im Bedarfsfall Ihre E-Mail-Adresse zur \u00dcbermittlung von Jahresberichten, Einladungen, Niederschriften, Newslettern, Mitgliederinformationen, sowie zur allgemeinen Kommunikation nutzen. Diese Einwilligung ist jederzeit widerrufbar. Eine \u00dcbermittlung Ihrer E-Mail-Adresse an Dritte ist dabei ausgeschlossen.<\/p>\n","protected":false},"excerpt":{"rendered":"<p>Sehr geehrte Mitglieder des Verein f\u00fcr Heimatpflege Adenau, die EU-Datenschutzgrundverordnung (DSGVO) wurde im Mai 2018 im Rahmen deutschen Rechts verbindlich umgesetzt. Auch der Verein f\u00fcr Heimatpflege Adenau muss seine Bestandsmitglieder \u00fcber die neue Datenschutzerkl\u00e4rung in Kenntnis setzen: Datenschutzerkl\u00e4rung des Verein&#8230;<br \/><a class=\"read-more-button\" href=\"http:\/\/heimatverein-adenau.de\/_wp\/datenschutz\/\">Mehr Lesen<\/a><\/p>\n","protected":false},"author":1,"featured_media":0,"parent":0,"menu_order":0,"comment_status":"closed","ping_status":"closed","template":"","meta":{"footnotes":""},"class_list":["post-171","page","type-page","status-publish","hentry"],"publishpress_future_action":{"enabled":false,"date":"2026-05-14 10:09:38","action":"change-status","newStatus":"draft","terms":[],"taxonomy":""},"publishpress_future_workflow_manual_trigger":{"enabledWorkflows":[]},"_links":{"self":[{"href":"http:\/\/heimatverein-adenau.de\/_wp\/wp-json\/wp\/v2\/pages\/171","targetHints":{"allow":["GET"]}}],"collection":[{"href":"http:\/\/heimatverein-adenau.de\/_wp\/wp-json\/wp\/v2\/pages"}],"about":[{"href":"http:\/\/heimatverein-adenau.de\/_wp\/wp-json\/wp\/v2\/types\/page"}],"author":[{"embeddable":true,"href":"http:\/\/heimatverein-adenau.de\/_wp\/wp-json\/wp\/v2\/users\/1"}],"replies":[{"embeddable":true,"href":"http:\/\/heimatverein-adenau.de\/_wp\/wp-json\/wp\/v2\/comments?post=171"}],"version-history":[{"count":2,"href":"http:\/\/heimatverein-adenau.de\/_wp\/wp-json\/wp\/v2\/pages\/171\/revisions"}],"predecessor-version":[{"id":175,"href":"http:\/\/heimatverein-adenau.de\/_wp\/wp-json\/wp\/v2\/pages\/171\/revisions\/175"}],"wp:attachment":[{"href":"http:\/\/heimatverein-adenau.de\/_wp\/wp-json\/wp\/v2\/media?parent=171"}],"curies":[{"name":"wp","href":"https:\/\/api.w.org\/{rel}","templated":true}]}}